{"id":55,"date":"2021-01-05T15:11:18","date_gmt":"2021-01-05T14:11:18","guid":{"rendered":"https:\/\/svenskaskolanikoeln.de\/?page_id=55"},"modified":"2026-04-26T13:13:36","modified_gmt":"2026-04-26T11:13:36","slug":"om-skolan","status":"publish","type":"page","link":"https:\/\/svenskaskolanikoeln.de\/?page_id=55","title":{"rendered":"Om Skolan"},"content":{"rendered":"\n<p>Svenska skolf\u00f6reningen i K\u00f6ln \u00e4r en ideell f\u00f6rening som erbjuder undervisning i svenska f\u00f6r svensk- och flerspr\u00e5kiga barn. Det \u00e4r en underf\u00f6rening till Deutsch-Schwedische Gesellschaft. Svenska skolan i K\u00f6ln grundades 1975 och har idag ca 20 elever. F\u00f6reningen drivs ideellt och best\u00e5r av f\u00f6r\u00e4ldrar med svensk anknytning som vill st\u00f6dja sina barns svenska spr\u00e5kinl\u00e4rning och arv.&nbsp;<\/p>\n\n\n\n<p>Skolans \u00f6vergripande syfte \u00e4r att ge eleverna en kompletterande undervisning i svenska spr\u00e5ket och svensk kultur. Detta sker i en stimulerande milj\u00f6, berikad av kulturella evenemang och h\u00f6gtider som f\u00f6rekommer under skol\u00e5ret, t ex Lucia, svensk jul, p\u00e5sken och midsommarfirande. P\u00e5 s\u00e5 s\u00e4tt fungerar skolan ocks\u00e5 som en kulturell knutpunkt och ett socialt n\u00e4tverk f\u00f6r utlandssvenskar och deras familjer.&nbsp;<\/p>\n\n\n\n<p>Skolans verksamhet styrs av regler fr\u00e5n Skolverket i Sverige, som ocks\u00e5 bidrar ekonomiskt till verksamheten. Skolverket kr\u00e4ver att minst en v\u00e5rdnadshavare \u00e4r svensk medborgare och att svenskan \u00e4r ett levande spr\u00e5k i hemmet. \u00a0Vi h\u00e5ller till p\u00e5 B\u00fcrgerhaus Stollwerck och i grundskolan mittemot p\u00e5 Zwirnerstrasse i K\u00f6ln.<\/p>\n\n\n\n<p>Skolan leds av en&nbsp;<strong>styrelse&nbsp;<\/strong>som sammantr\u00e4der regelbundet och \u00f6verser budget, bevakar skolans intressen samt s\u00e4tter upp m\u00e5l och delm\u00e5l f\u00f6r framtiden. Styrelseledam\u00f6terna v\u00e4ljs av medlemmarna p\u00e5 tv\u00e5 \u00e5rs mandat. F\u00f6rslag och id\u00e9er som kan vara till hj\u00e4lp och st\u00f6d f\u00f6r styrelsearbetet v\u00e4lkomnas varmt fr\u00e5n medlemmarna.&nbsp;<\/p>\n\n\n\n<p>Skolan f\u00f6rest\u00e5r \u00e4ven ett&nbsp;<strong>bibliotek&nbsp;<\/strong>med b\u00e5de barnb\u00f6cker och filmer.<\/p>\n\n\n\n<p>Undervisningen f\u00f6r barn och ungdom indelas i tv\u00e5 stadier:&nbsp;<strong>Svenska F\u00f6rskolan<\/strong>&nbsp;(barn 3- 5 \u00e5r) och&nbsp;<strong>Svenska Skolan<\/strong>&nbsp;(grundskola, 6 \u00e5r och upp\u00e5t).<br><\/p>\n","protected":false},"excerpt":{"rendered":"<p>Svenska skolf\u00f6reningen i K\u00f6ln \u00e4r en ideell f\u00f6rening som erbjuder undervisning i svenska f\u00f6r svensk- och flerspr\u00e5kiga barn. Det \u00e4r<\/p>\n<p><a href=\"https:\/\/svenskaskolanikoeln.de\/?page_id=55\" class=\"more-link\">Continue reading<span class=\"screen-reader-text\">Om Skolan<\/span><\/a><\/p>\n","protected":false},"author":3,"featured_media":0,"parent":0,"menu_order":0,"comment_status":"closed","ping_status":"closed","template":"","meta":{"footnotes":""},"class_list":["post-55","page","type-page","status-publish","hentry"],"_links":{"self":[{"href":"https:\/\/svenskaskolanikoeln.de\/index.php?rest_route=\/wp\/v2\/pages\/55","targetHints":{"allow":["GET"]}}],"collection":[{"href":"https:\/\/svenskaskolanikoeln.de\/index.php?rest_route=\/wp\/v2\/pages"}],"about":[{"href":"https:\/\/svenskaskolanikoeln.de\/index.php?rest_route=\/wp\/v2\/types\/page"}],"author":[{"embeddable":true,"href":"https:\/\/svenskaskolanikoeln.de\/index.php?rest_route=\/wp\/v2\/users\/3"}],"replies":[{"embeddable":true,"href":"https:\/\/svenskaskolanikoeln.de\/index.php?rest_route=%2Fwp%2Fv2%2Fcomments&post=55"}],"version-history":[{"count":4,"href":"https:\/\/svenskaskolanikoeln.de\/index.php?rest_route=\/wp\/v2\/pages\/55\/revisions"}],"predecessor-version":[{"id":149,"href":"https:\/\/svenskaskolanikoeln.de\/index.php?rest_route=\/wp\/v2\/pages\/55\/revisions\/149"}],"wp:attachment":[{"href":"https:\/\/svenskaskolanikoeln.de\/index.php?rest_route=%2Fwp%2Fv2%2Fmedia&parent=55"}],"curies":[{"name":"wp","href":"https:\/\/api.w.org\/{rel}","templated":true}]}}