{"id":41,"date":"2020-12-23T13:11:28","date_gmt":"2020-12-23T12:11:28","guid":{"rendered":"https:\/\/svenskaskolanikoeln.de\/?page_id=41"},"modified":"2020-12-23T13:14:12","modified_gmt":"2020-12-23T12:14:12","slug":"datenschutzerklaerung","status":"publish","type":"page","link":"https:\/\/svenskaskolanikoeln.de\/?page_id=41","title":{"rendered":"Datenschutzerkl\u00e4rung"},"content":{"rendered":"\n<h1 class=\"wp-block-heading\">Wer wir sind<\/h1>\n\n\n\n<p>Verantwortliche Stelle im Sinne der Datenschutzgesetze ist:<\/p>\n\n\n\n<p>Deutsch-Schwedische Gesellschaft e.V. K\u00f6ln<\/p>\n\n\n\n<p>vertreten durch den&nbsp;<a href=\"http:\/\/dsg.koeln\/impressum\">Vorstand<\/a><\/p>\n\n\n\n<h2 class=\"wp-block-heading\"><strong>L\u00f6schung bzw. Sperrung der Daten<\/strong><\/h2>\n\n\n\n<p>Wir halten uns an die Grunds\u00e4tze der Datenvermeidung und Datensparsamkeit. Wir speichern Ihre personenbezogenen Daten daher nur so lange, wie dies zur Erreichung der hier genannten Zwecke erforderlich ist oder wie es die vom Gesetzgeber vorgesehenen vielf\u00e4ltigen Speicherfristen vorsehen. Nach Fortfall des jeweiligen Zweckes bzw. Ablauf dieser Fristen werden die entsprechenden Daten routinem\u00e4\u00dfig und entsprechend den gesetzlichen Vorschriften gesperrt oder gel\u00f6scht.<\/p>\n\n\n\n<h2 class=\"wp-block-heading\"><strong>IP Adresse<\/strong><\/h2>\n\n\n\n<p>Wir speichern die IP-Adresse nur so lange wie dies f\u00fcr die Kommunikation mit Ihrem Computer notwendig ist, d.h Sie Inhalte von uns abrufen. Die Speicherung von IP-Adressen in Logfiles erfolgt nicht.<\/p>\n\n\n\n<h2 class=\"wp-block-heading\"><strong>Setzen von Cookies<\/strong><\/h2>\n\n\n\n<p>Zum jetzigen Zeitpunkt verwenden wir keine Cookies.<\/p>\n\n\n\n<h2 class=\"wp-block-heading\"><strong>Ihre Rechte auf Auskunft, Berichtigung, Sperre, L\u00f6schung und Widerspruch<\/strong><\/h2>\n\n\n\n<p>Sie haben das Recht, jederzeit Auskunft \u00fcber Ihre bei uns gespeicherten personenbezogenen Daten zu erhalten. Ebenso haben Sie das Recht auf Berichtigung, Sperrung oder, abgesehen von der vorgeschriebenen Datenspeicherung zur Gesch\u00e4ftsabwicklung, L\u00f6schung Ihrer personenbezogenen Daten. Bitte wenden Sie sich dazu an unseren Vorstand. Die Kontaktdaten finden Sie ganz unten.<\/p>\n\n\n\n<p>Damit eine Sperre von Daten jederzeit ber\u00fccksichtigt werden kann, m\u00fcssen diese Daten zu Kontrollzwecken in einer Sperrdatei vorgehalten werden. Sie k\u00f6nnen auch die L\u00f6schung der Daten verlangen, soweit keine gesetzliche Archivierungsverpflichtung besteht. Soweit eine solche Verpflichtung besteht, sperren wir Ihre Daten auf Wunsch.<\/p>\n\n\n\n<p>Sie k\u00f6nnen \u00c4nderungen oder den Widerruf einer Einwilligung durch entsprechende Mitteilung an uns mit Wirkung f\u00fcr die Zukunft vornehmen.<\/p>\n\n\n\n<h2 class=\"wp-block-heading\"><strong>\u00c4nderung unserer Datenschutzbestimmungen<\/strong><\/h2>\n\n\n\n<p>Wir behalten uns vor, diese Datenschutzerkl\u00e4rung gelegentlich anzupassen, damit sie stets den aktuellen rechtlichen Anforderungen entspricht oder um \u00c4nderungen unserer Leistungen in der Datenschutzerkl\u00e4rung umzusetzen, z. B. bei der Einf\u00fchrung neuer Services. F\u00fcr Ihren erneuten Besuch gilt dann die neue Datenschutzerkl\u00e4rung.<\/p>\n\n\n\n<h2 class=\"wp-block-heading\"><strong>Fragen an den Datenschutzbeauftragten<\/strong><\/h2>\n\n\n\n<p>Wenn Sie Fragen zum Datenschutz haben, schreiben Sie uns bitte eine E-Mail:<\/p>\n\n\n\n<p>vorstand(at)dsg-koeln.de<\/p>\n\n\n\n<p>Aufgrund der Gr\u00f6\u00dfe des Vereins und der Art der verarbeiteten Daten sind wir vom Gesetz nicht zur Bestellung eines Datenschutzbeauftragten verpflichtet.<\/p>\n\n\n\n<p><em>Die Datenschutzerkl\u00e4rung wurde mit dem&nbsp;<\/em><a href=\"https:\/\/www.activemind.de\/datenschutz\/datenschutzhinweis-generator\/\"><em>Datenschutzerkl\u00e4rungs-Generator der activeMind AG erstellt<\/em><\/a><em>.<\/em><\/p>\n\n\n\n<p><\/p>\n","protected":false},"excerpt":{"rendered":"<p>Wer wir sind Verantwortliche Stelle im Sinne der Datenschutzgesetze ist: Deutsch-Schwedische Gesellschaft e.V. K\u00f6ln vertreten durch den&nbsp;Vorstand L\u00f6schung bzw. Sperrung<\/p>\n<p><a href=\"https:\/\/svenskaskolanikoeln.de\/?page_id=41\" class=\"more-link\">Continue reading<span class=\"screen-reader-text\">Datenschutzerkl\u00e4rung<\/span><\/a><\/p>\n","protected":false},"author":1,"featured_media":0,"parent":0,"menu_order":0,"comment_status":"closed","ping_status":"closed","template":"","meta":{"footnotes":""},"class_list":["post-41","page","type-page","status-publish","hentry"],"_links":{"self":[{"href":"https:\/\/svenskaskolanikoeln.de\/index.php?rest_route=\/wp\/v2\/pages\/41","targetHints":{"allow":["GET"]}}],"collection":[{"href":"https:\/\/svenskaskolanikoeln.de\/index.php?rest_route=\/wp\/v2\/pages"}],"about":[{"href":"https:\/\/svenskaskolanikoeln.de\/index.php?rest_route=\/wp\/v2\/types\/page"}],"author":[{"embeddable":true,"href":"https:\/\/svenskaskolanikoeln.de\/index.php?rest_route=\/wp\/v2\/users\/1"}],"replies":[{"embeddable":true,"href":"https:\/\/svenskaskolanikoeln.de\/index.php?rest_route=%2Fwp%2Fv2%2Fcomments&post=41"}],"version-history":[{"count":2,"href":"https:\/\/svenskaskolanikoeln.de\/index.php?rest_route=\/wp\/v2\/pages\/41\/revisions"}],"predecessor-version":[{"id":47,"href":"https:\/\/svenskaskolanikoeln.de\/index.php?rest_route=\/wp\/v2\/pages\/41\/revisions\/47"}],"wp:attachment":[{"href":"https:\/\/svenskaskolanikoeln.de\/index.php?rest_route=%2Fwp%2Fv2%2Fmedia&parent=41"}],"curies":[{"name":"wp","href":"https:\/\/api.w.org\/{rel}","templated":true}]}}

Datenschutzerklärung

<h1 class="wp-block-heading">Wer wir sind</h1>



<p>Verantwortliche Stelle im Sinne der Datenschutzgesetze ist:</p>



<p>Deutsch-Schwedische Gesellschaft e.V. Köln</p>



<p>vertreten durch den&nbsp;<a href="http://dsg.koeln/impressum">Vorstand</a></p>



<h2 class="wp-block-heading"><strong>Löschung bzw. Sperrung der Daten</strong></h2>



<p>Wir halten uns an die Grundsätze der Datenvermeidung und Datensparsamkeit. Wir speichern Ihre personenbezogenen Daten daher nur so lange, wie dies zur Erreichung der hier genannten Zwecke erforderlich ist oder wie es die vom Gesetzgeber vorgesehenen vielfältigen Speicherfristen vorsehen. Nach Fortfall des jeweiligen Zweckes bzw. Ablauf dieser Fristen werden die entsprechenden Daten routinemäßig und entsprechend den gesetzlichen Vorschriften gesperrt oder gelöscht.</p>



<h2 class="wp-block-heading"><strong>IP Adresse</strong></h2>



<p>Wir speichern die IP-Adresse nur so lange wie dies für die Kommunikation mit Ihrem Computer notwendig ist, d.h Sie Inhalte von uns abrufen. Die Speicherung von IP-Adressen in Logfiles erfolgt nicht.</p>



<h2 class="wp-block-heading"><strong>Setzen von Cookies</strong></h2>



<p>Zum jetzigen Zeitpunkt verwenden wir keine Cookies.</p>



<h2 class="wp-block-heading"><strong>Ihre Rechte auf Auskunft, Berichtigung, Sperre, Löschung und Widerspruch</strong></h2>



<p>Sie haben das Recht, jederzeit Auskunft über Ihre bei uns gespeicherten personenbezogenen Daten zu erhalten. Ebenso haben Sie das Recht auf Berichtigung, Sperrung oder, abgesehen von der vorgeschriebenen Datenspeicherung zur Geschäftsabwicklung, Löschung Ihrer personenbezogenen Daten. Bitte wenden Sie sich dazu an unseren Vorstand. Die Kontaktdaten finden Sie ganz unten.</p>



<p>Damit eine Sperre von Daten jederzeit berücksichtigt werden kann, müssen diese Daten zu Kontrollzwecken in einer Sperrdatei vorgehalten werden. Sie können auch die Löschung der Daten verlangen, soweit keine gesetzliche Archivierungsverpflichtung besteht. Soweit eine solche Verpflichtung besteht, sperren wir Ihre Daten auf Wunsch.</p>



<p>Sie können Änderungen oder den Widerruf einer Einwilligung durch entsprechende Mitteilung an uns mit Wirkung für die Zukunft vornehmen.</p>



<h2 class="wp-block-heading"><strong>Änderung unserer Datenschutzbestimmungen</strong></h2>



<p>Wir behalten uns vor, diese Datenschutzerklärung gelegentlich anzupassen, damit sie stets den aktuellen rechtlichen Anforderungen entspricht oder um Änderungen unserer Leistungen in der Datenschutzerklärung umzusetzen, z. B. bei der Einführung neuer Services. Für Ihren erneuten Besuch gilt dann die neue Datenschutzerklärung.</p>



<h2 class="wp-block-heading"><strong>Fragen an den Datenschutzbeauftragten</strong></h2>



<p>Wenn Sie Fragen zum Datenschutz haben, schreiben Sie uns bitte eine E-Mail:</p>



<p>vorstand(at)dsg-koeln.de</p>



<p>Aufgrund der Größe des Vereins und der Art der verarbeiteten Daten sind wir vom Gesetz nicht zur Bestellung eines Datenschutzbeauftragten verpflichtet.</p>



<p><em>Die Datenschutzerklärung wurde mit dem&nbsp;</em><a href="https://www.activemind.de/datenschutz/datenschutzhinweis-generator/"><em>Datenschutzerklärungs-Generator der activeMind AG erstellt</em></a><em>.</em></p>



<p></p>

<p>Wer wir sind Verantwortliche Stelle im Sinne der Datenschutzgesetze ist: Deutsch-Schwedische Gesellschaft e.V. Köln vertreten durch den&nbsp;Vorstand Löschung bzw. Sperrung</p>
<p><a href="https://svenskaskolanikoeln.de/?page_id=41" class="more-link">Continue reading<span class="screen-reader-text">Datenschutzerklärung</span></a></p>
